ase 3) to base 15.
44b8d9
Convert 111111100100010001010 (base 2) to base 7.
23463516
-104774 (base 8) to base 15
-a6ee
Convert -10110220002122 (base 3) to base 13.
-4c9256
What is 82613 (base 15) in base 13?
116064
What is 557756 (base 9) in base 4?
1101133023
3cd2e (base 15) to base 2
101111101100010000
-1120012121 (base 3) to base 11
-21132
What is -44222320 (base 5) in base 12?
-16566b
What is -13430403 (base 6) in base 2?
-1101111000110000011
What is 3b63 (base 13) in base 5?
233111
-41171 (base 11) to base 4
-32222332
What is 4681346 (base 12) in base 15?
12db1c0
-310133231 (base 4) to base 14
-58509
What is 11e818 (base 15) in base 11?
537486
Convert 65b16 (base 14) to base 10.
246392
Convert 195576 (base 10) to base 4.
233233320
-221030033 (base 4) to base 12
-8177b
Convert 26d (base 16) to base 2.
1001101101
-1011100110111111110 (base 2) to base 13
-1041c8
What is 1b0b4c (base 16) in base 14?
341c96
Convert -b10a8 (base 12) to base 2.
-111000001001000000
Convert -54322422 (base 6) to base 4.
-12021300032
What is 5a930 (base 11) in base 6?
1513421
Convert -207581 (base 12) to base 3.
-221221101021
Convert -13544131 (base 6) to base 14.
-c15c3
Convert 10111110000011100 (base 2) to base 10.
97308
What is 101001110001000100010 (base 2) in base 4?
11032020202
What is -10112121202 (base 4) in base 6?
-40235134
775aaa (base 12) to base 4
13033023202
What is -4200d (base 15) in base 7?
-1531045
What is -7d813 (base 14) in base 4?
-1022233321
Convert 21112321312 (base 4) to base 7.
26564632
Convert 4289772 (base 10) to base 8.
20272354
What is -12332111241 (base 5) in base 3?
-1001102211120122
-23378 (base 16) to base 12
-6b588
What is -5e19d (base 15) in base 8?
-1113314
What is 12877a (base 11) in base 8?
612273
What is -430511 (base 10) in base 14?
-b2c6b
Convert -1671522 (base 8) to base 7.
-4102353
3a8742 (base 11) to base 6
21424024
Convert -502326 (base 8) to base 6.
-3312130
-116343 (base 10) to base 9
-186530
Convert 10321320030 (base 4) to base 8.
4717014
4046632 (base 7) to base 8
1656417
Convert -6533110 (base 9) to base 4.
-31113322323
What is -506701 (base 12) in base 5?
-310134122
Convert -416351 (base 8) to base 15.
-2b068
Convert 3054477 (base 8) to base 15.
10ebbe
Convert -1111201200 (base 3) to base 5.
-1422231
-110101111111110001 (base 2) to base 15
-457e9
What is 100110210300 (base 4) in base 9?
8041083
What is 8625014 (base 9) in base 5?
2140410402
-2203062 (base 9) to base 3
-2020010002002
-144523245 (base 6) to base 7
-34511405
Convert -1515212430 (base 6) to base 16.
-12203e2
-45422013 (base 6) to base 4
-11102222121
Convert -522454 (base 7) to base 9.
-146111
What is 110111110110001100 (base 2) in base 12?
b0464
Convert -15934 (base 16) to base 4.
-111210310
Convert c59e (base 16) to base 3.
2120101201
What is 14c8d (base 15) in base 16?
1058e
Convert 72a827 (base 11) to base 8.
4357002
-22553453 (base 6) to base 7
-5641656
Convert -10312303320 (base 4) to base 15.
-1a2320
-1bc030 (base 15) to base 8
-5131773
What is 1154143543 (base 6) in base 15?
128cb56
4db2cf (base 16) to base 2
10011011011001011001111
2a080a (base 11) to base 2
1110010100111110010
Convert -791125 (base 10) to base 12.
-3219b1
-4560653 (base 8) to base 6
-42304443
Convert -1a6743 (base 12) to base 2.
-1110010001010100011
Convert 14650726 (base 8) to base 4.
30311013112
100011001010010 (base 2) to base 8
43122
-189732 (base 10) to base 14
-4d204
What is -1241734 (base 8) in base 4?
-1110033130
What is 241b2c (base 14) in base 4?
10231111030
What is 1010010101110110001 (base 2) in base 8?
1225661
Convert 108bcae (base 15) to base 12.
3b69392
What is 23046 (base 7) in base 4?
1123221
Convert 10222122220220 (base 3) to base 6.
113230510
Convert 56e56 (base 15) to base 7.
2231301
120021222111 (base 3) to base 11
196214
What is 241644 (base 9) in base 14?
3b0bb
272675 (base 10) to base 2
1000010100100100011
Convert 10334342 (base 5) to base 13.
31c4c
Convert 190b208 (base 12) to base 6.
304225212
Convert -32122220 (base 4) to base 10.
-59048
What is 2102043414 (base 5) in base 10?
4331109
What is 1002210121200 (base 3) in base 9?
1083550
Convert b36a6c (base 13) to base 6.
225410220
What is -13134442 (base 6) in base 2?
-1101001100111011010
10166644 (base 8) to base 11
1244368
Convert -13109243 (base 10) to base 2.
-110010000000011111111011
-102010211002110 (base 3) to base 7
-101220255
92033 (base 11) to base 2
100000110101000011
10020000222002 (base 3) to base 7
20363351
-1175575 (base 9) to base 10
-640535
What is -d43 (base 15) in base 8?
-5654
What is 19a85a6 (base 11) in base 7?
40501504
134640 (base 7) to base 11
18348
What is -21010111111121 (base 3) in base 11?
-2158798
10231353 (base 6) to base 3
120020011020
Convert -23541 (base 13) to base 9.
-107560
What is -3210125 (base 7) in base 9?
-652575
Convert -112203131 (base 4) to base 14.
-25949
-4156147 (base 9) to base 12
-8b1b44
What is 2227051 (base 9) in base 8?
4446223
Convert 3796a1 (base 13) to base 15.
1b5719
What is 42101242 (base 5) in base 2?
1010100101111000000
11022020120 (base 3) to base 4
110230011
Convert -23773010 (base 8) to base 6.
-304152440
Convert 95957 (base 12) to base 6.
4114151
Convert 1f188a (base 16) to base 6.
111402414
What is -9ccd9 (base 14) in base 16?
-5d11f
Convert -7cb01c (base 13) to base 9.
-5520487
-8c2c1 (base 13) to base 15
-509d2
-10110000011000001010100 (base 2) to base 15
-7926ca
What is 9db64 (base 14) in base 4?
1131222230
Convert -f2c112 (base 16) to base 4.
-330230010102
Convert -15de3 (base 15) to base 5.
-4230023
What is 111001110011010111110 (base 2) in base 10?
1894078
Convert 100000110010 (base 2) to base 16.
832
What is -1022210202100 (base 3) in base 2?
-10101100000011111011
What is -3072c0 (base 13) in base 15?
-174b1c
-5902680 (base 11) to base 15
-d8a07a
14403313 (base 5) to base 8
453757
231413041 (base 5) to base 12
424743
Convert 64024 (base 10) to base 6.
1212224
What is -10102302 (base 5) in base 7?
-456556
What is -164077 (base 8) in base 16?
-e83f
What is 2310450 (base 7) in base 10?
288351
What is 311518 (base 10) in base 12?
13033a
84484 (base 12) to base 6
3415044
-45623612 (base 7) to base 12
-1404815
2864a4 (base 11) to base 9
752251
25715 (base 8) to base 16
2bcd
What is 2010022000 (base 3) in base 7?
232530
b5a84 (base 15) to base 7
4616443
What is -24b7a08 (base 12) in base 13?
-1655357
-10112607 (base 8) to base 15
-2c2ac1
-4293d3 (base 15) to base 12
-108a5a6
Convert -11558231 (base 9) to base 12.
-1a8496a
-278663 (base 10) to base 16
-44087
What is -455513 (base 8) in base 9?
-254763
Convert d6261 (base 15) to base 13.
1aa034
Convert 3152141 (base 7) to base 11.
241439
What is -96a349 (base 12) in base 14?
-45dd57
What is -daa248 (base 14) in base 10?
-7403768
a36042 (base 14) to base 4
111001031322
What is 2235104 (base 6) in base 7?
652663
-803783 (base 10) to base 12
-32919b
What is 2556442 (base 7) in base 6?
11052314
Convert b6371 (base 13) to base 7.
2534062
-233114425 (base 6) to base 11
-2500602
11ba053 (base 12) to base 10
3480255
-1001001010011100111 (base 2) to base 9
-506785
1111120011 (base 3) to base 4
13032001
Convert 3101121 (base 4) to base 16.
3459
Convert 83956 (base 14) to base 2.
1001101011111011000
2735a6 (base 11) to base 6
13111303
-1a60341 (base 12) to base 15
-759051
Convert 311200321 (base 4) to base 10.
219193
What is -81798 (base 15) in base 7?
-3325415
Convert 123a0 (base 13) to base 8.
101470
-22242012 (base 6) to base 7
-5506031
Convert 298a05 (base 11) to base 12.
1a5632
What is -35c6a7 (base 13) in base 4?
-10321201213
Convert -1d036 (base 16) to base 2.
-11101000000110110
Convert -515255 (base 9) to base 2.
-1001010100111111111
-1000111001100100111111 (base 2) to base 10
-2332991
Convert -13101316 (base 7) to base 12.
-496a34
What is 131342232 (base 6) in base 13?
6cb294
What is -4244734 (base 10) in base 4?
-100030103332
-14075544 (base 8) to base 5
-1303133231
What is 6ebbd (base 15) in base 14?
92c4d
5933 (base 13) to base 11
9478
Convert -17761 (base 13) to base 7.
-245533
-22116667 (base 8) to base 4
-102021312313
What is 2214214 (base 6) in base 3?
12122102001
Convert 4238054 (base 9) to base 4.
20222003302
Convert 1b6d1b (base 15) to base 2.
101000111000000111011
Convert -23c